{"id":168,"date":"2019-12-08T18:37:01","date_gmt":"2019-12-08T17:37:01","guid":{"rendered":"http:\/\/fbi-reisen.de\/?page_id=168"},"modified":"2019-12-08T18:37:01","modified_gmt":"2019-12-08T17:37:01","slug":"buchungsinformationen","status":"publish","type":"page","link":"https:\/\/fbi-reisen.de\/index.php\/buchungsinformationen\/","title":{"rendered":"BUCHUNGSINFORMATIONEN"},"content":{"rendered":"\n<h1 class=\"wp-block-heading\">Buchungsinformationen<\/h1>\n\n\n\n<p><strong>Lastminute-Pauschal-Charterfl\u00fcge-Hotel:<\/strong>&nbsp;Nach Ihrer Onlinebuchung erhalten Sie eine Buchungsbest\u00e4tigung innerhalb von 24 Stunden per E-Mail durch unser Servicecenter. Dort finden Sie auch noch einmal alle nachstehenden Informationen bezogen auf Ihre Buchung. Sollten von unserer Seite noch Fragen offen sein (z.B. im Hinblick auf Zahlungsmodalit\u00e4ten) werden wir Sie anrufen. Andernfalls ist Ihre Buchung so verbindlich abgeschlossen, wie in Ihrer Buchungsbest\u00e4tigung beschrieben.<\/p>\n\n\n\n<p><strong>Bezahlung:<\/strong>&nbsp;Die Rechnungsstellung erfolgt immer in EURO. In der Regel erhalten Sie die Rechnung direkt von Ihrem Reiseveranstalter und bezahlen auch direkt an diesen. Je nach Veranstalter ist ein Anzahlungsbetrag f\u00e4llig. Ca. 3 Wochen vor Reiseantritt ist der Restbetrag zu bezahlen. Bei kurzfristigen Buchungen zahlen Sie direkt den vollen Reisepreis. Bitte beachten Sie, dass bei einer Stornierung der gebuchten Reise Stornokosten anfallen k\u00f6nnen, die sich aus den Allgemeinen Gesch\u00e4ftsbedingungen des jeweiligen Reiseveranstalters ergeben, die Ihnen bei Buchung zug\u00e4nglich gemacht werden.<\/p>\n\n\n\n<p>Eine Information \u00fcber die Rechnungsstellung erhalten Sie mit Ihrer Buchungsbest\u00e4tigung.<\/p>\n\n\n\n<p><strong>Reiseunterlagen:<\/strong>&nbsp;Ihre Reiseunterlagen erhalten Sie 7-10 Tage vor Reiseantritt direkt vom Reiseveranstalter per Post zugeschickt. In einigen F\u00e4llen erfolgt der Unterlagenversand per E-Mail. In diesem Fall erfolgt ein gesonderter Hinweis.<\/p>\n\n\n\n<p><strong>Reisepreissicherungsschein:<\/strong>&nbsp;In Deutschland ist jeder Reiseveranstalter dazu verpflichtet dem Kunden mit den Reiseunterlagen einen entsprechenden Sicherungsschein zu \u00fcbergeben. Somit sind Sie bei einer m\u00f6glichen Veranstalter-Insolvenz gesch\u00fctzt.<\/p>\n\n\n\n<h4 class=\"wp-block-heading\">Unser Service<\/h4>\n\n\n\n<p>Soweit m\u00f6glich k\u00f6nnen Sie alle Angebote online buchen. F\u00fcr spezielle Angebote, die nicht \u00fcber Online-Datenbanken buchbar sind, haben wir ein&nbsp;<strong><a href=\"http:\/\/t-34759-0.shop.tbbm.de\/service\/anfrage.php\">Angebotsformular<\/a><\/strong>&nbsp;eingerichtet. Wenn Sie dieses ausf\u00fcllen und an uns senden, setzen wir uns umgehend mit Ihnen in Verbindung. Wenn Sie telefonische Beratung w\u00fcnschen, rufen wir Sie gerne zur\u00fcck. Einen R\u00fcckruf k\u00f6nnen Sie ebenfalls \u00fcber das&nbsp;<strong><a href=\"http:\/\/t-34759-0.shop.tbbm.de\/service\/rueckruf.php\">Formular<\/a><\/strong>&nbsp;anfordern.<\/p>\n\n\n\n<h4 class=\"wp-block-heading\">Leistungs\u00fcbersicht<\/h4>\n\n\n\n<ul class=\"wp-block-list\"><li>Pauschalreisen (alle namhaften Veranstalter)<\/li><li>Flugtickets Charter und Linie (alle namhaften Airlines)<\/li><li>St\u00e4dtereisen<\/li><li>Hotelbuchungen (alle gro\u00dfen Hotels weltweit)<\/li><li>Ferienwohnungen, Fincas usw.<\/li><li>Autovermietung (Sixt, Holiday-Autos, Avis, Hertz, Dollar u.a.)<\/li><li>Gesch\u00e4ftsreisen<\/li><li>Autoreisen<\/li><li>Kreuzfahrten<\/li><li>Reiseversicherung<\/li><li>Individualreisen und Studienreisen<\/li><\/ul>\n\n\n\n<h4 class=\"wp-block-heading\"><a href=\"https:\/\/www.travialinks.de\/link\/T-34759-0\/A\/schwarze_liste\">Die schwarze Liste der Luftfahrtunternehmen<\/a><\/h4>\n\n\n\n<p><a href=\"https:\/\/bit.ly\/33XoOxL\">https:\/\/bit.ly\/33XoOxL<\/a><\/p>\n","protected":false},"excerpt":{"rendered":"<p>Buchungsinformationen Lastminute-Pauschal-Charterfl\u00fcge-Hotel:&nbsp;Nach Ihrer Onlinebuchung erhalten Sie eine Buchungsbest\u00e4tigung innerhalb von 24 Stunden per E-Mail durch unser Servicecenter. Dort finden Sie auch noch einmal alle nachstehenden Informationen bezogen auf Ihre Buchung.<\/p>\n","protected":false},"author":1,"featured_media":0,"parent":0,"menu_order":0,"comment_status":"closed","ping_status":"closed","template":"","meta":{"footnotes":""},"class_list":{"1":"page","2":"type-page","3":"status-publish","4":"hentry"},"_links":{"self":[{"href":"https:\/\/fbi-reisen.de\/index.php\/wp-json\/wp\/v2\/pages\/168","targetHints":{"allow":["GET"]}}],"collection":[{"href":"https:\/\/fbi-reisen.de\/index.php\/wp-json\/wp\/v2\/pages"}],"about":[{"href":"https:\/\/fbi-reisen.de\/index.php\/wp-json\/wp\/v2\/types\/page"}],"author":[{"embeddable":true,"href":"https:\/\/fbi-reisen.de\/index.php\/wp-json\/wp\/v2\/users\/1"}],"replies":[{"embeddable":true,"href":"https:\/\/fbi-reisen.de\/index.php\/wp-json\/wp\/v2\/comments?post=168"}],"version-history":[{"count":1,"href":"https:\/\/fbi-reisen.de\/index.php\/wp-json\/wp\/v2\/pages\/168\/revisions"}],"predecessor-version":[{"id":169,"href":"https:\/\/fbi-reisen.de\/index.php\/wp-json\/wp\/v2\/pages\/168\/revisions\/169"}],"wp:attachment":[{"href":"https:\/\/fbi-reisen.de\/index.php\/wp-json\/wp\/v2\/media?parent=168"}],"curies":[{"name":"wp","href":"https:\/\/api.w.org\/{rel}","templated":true}]}}